{"id":37,"date":"2006-04-06T23:44:53","date_gmt":"2006-04-06T22:44:53","guid":{"rendered":"http:\/\/www.erkenntnis-und-entertainment.de\/blog\/?page_id=37"},"modified":"2007-08-02T00:00:07","modified_gmt":"2007-08-01T22:00:07","slug":"ressourcen","status":"publish","type":"page","link":"http:\/\/www.erkenntnis-und-entertainment.de\/blog\/?page_id=37","title":{"rendered":"Ressourcen"},"content":{"rendered":"<p>Diese Seite wird kontinuierlich erweitert.<\/p>\n<h3>Links:<\/h3>\n<p><strong>Guibert &#8211; Leben:<\/strong><\/p>\n<p><a href=\"http:\/\/en.wikipedia.org\/wiki\/Herv%C3%A9_Guibert\">Wikipedia (englisch)<\/a><br \/>\nDer deutsche Wikipedia-Artikel ist leider extrem kurz, daher der Verweis auf die englische Wikipedia.<br \/>\n<a href=\"http:\/\/www.perlentaucher.de\/autoren\/379.html\"><br \/>\nKurz-Bio bei Perlentaucher<\/a><br \/>\nEnth\u00e4lt den (verbreiteten) Fehler, dass Guibert an AIDS gestorben sei. Tats\u00e4chlich verstarb er aber an den Folgen eines Suizidversuches. Er hatte in seinen Romanen angek\u00fcndigt, beim Erreichen eines ihm nicht mehr ertr\u00e4glichen Stadiums der Krankheit Selbstmord zu begehen.<\/p>\n<p><strong>Roland Barthes<\/strong><br \/>\n<a href=\"http:\/\/de.wikipedia.org\/wiki\/Roland_Barthes\">Biographischer Eintrag<\/a> in der deutschen Wikipedia, allerdings nur tabellarisch.<br \/>\nInformativer ist der Eintrag in der <a href=\"http:\/\/en.wikipedia.org\/wiki\/Roland_Barthes\">englischen Wikipedia<\/a>.<\/p>\n<p><strong>Michel Foucault<\/strong><br \/>\n(Nach bew\u00e4hrtem Muster:) Wikipedia auf <a href=\"http:\/\/de.wikipedia.org\/wiki\/Roland_Barthes\">Deutsch <\/a>und detaillierter auf <a href=\"http:\/\/en.wikipedia.org\/wiki\/Roland_Barthes\">Englisch<\/a>.<\/p>\n<p><a href=\"http:\/\/www.liberation.fr\/dossiers\/foucault\/foucault.pdf\">\u201eLe feu Foucault\u201c<\/a> &#8211; Umfangreiches Spezial der Liberation zu Foucault. (PDF, franz\u00f6sisch)<\/p>\n<p><strong>Patrice Ch\u00e9reau<\/strong><br \/>\nWikipedia \u2013 da reicht eigentlich der deutsche <a href=\"http:\/\/de.wikipedia.org\/wiki\/Patrice_Chereau\">Eintrag<\/a>.<\/p>\n<p><strong>Fotografie<\/strong><br \/>\n<a href=\"http:\/\/www.dtdf.de\">Darmst\u00e4dter Tage der Fotografie<\/a><\/p>\n","protected":false},"excerpt":{"rendered":"<p>Diese Seite wird kontinuierlich erweitert. Links: Guibert &#8211; Leben: Wikipedia (englisch) Der deutsche Wikipedia-Artikel ist leider extrem kurz, daher der Verweis auf die englische Wikipedia. Kurz-Bio bei Perlentaucher Enth\u00e4lt den (verbreiteten) Fehler, dass Guibert an AIDS gestorben sei. Tats\u00e4chlich verstarb er aber an den Folgen eines Suizidversuches. Er hatte in seinen Romanen angek\u00fcndigt, beim Erreichen [&hellip;]<\/p>\n","protected":false},"author":1,"featured_media":0,"parent":34,"menu_order":3,"comment_status":"closed","ping_status":"closed","template":"","meta":{"footnotes":""},"class_list":["post-37","page","type-page","status-publish","hentry"],"_links":{"self":[{"href":"http:\/\/www.erkenntnis-und-entertainment.de\/blog\/index.php?rest_route=\/wp\/v2\/pages\/37","targetHints":{"allow":["GET"]}}],"collection":[{"href":"http:\/\/www.erkenntnis-und-entertainment.de\/blog\/index.php?rest_route=\/wp\/v2\/pages"}],"about":[{"href":"http:\/\/www.erkenntnis-und-entertainment.de\/blog\/index.php?rest_route=\/wp\/v2\/types\/page"}],"author":[{"embeddable":true,"href":"http:\/\/www.erkenntnis-und-entertainment.de\/blog\/index.php?rest_route=\/wp\/v2\/users\/1"}],"replies":[{"embeddable":true,"href":"http:\/\/www.erkenntnis-und-entertainment.de\/blog\/index.php?rest_route=%2Fwp%2Fv2%2Fcomments&post=37"}],"version-history":[{"count":0,"href":"http:\/\/www.erkenntnis-und-entertainment.de\/blog\/index.php?rest_route=\/wp\/v2\/pages\/37\/revisions"}],"up":[{"embeddable":true,"href":"http:\/\/www.erkenntnis-und-entertainment.de\/blog\/index.php?rest_route=\/wp\/v2\/pages\/34"}],"wp:attachment":[{"href":"http:\/\/www.erkenntnis-und-entertainment.de\/blog\/index.php?rest_route=%2Fwp%2Fv2%2Fmedia&parent=37"}],"curies":[{"name":"wp","href":"https:\/\/api.w.org\/{rel}","templated":true}]}}